housands digit of 657828907?
8
What is the hundreds digit of 124454541?
5
What is the hundreds digit of 12756145?
1
What is the hundreds digit of 567930266?
2
What is the hundred millions digit of 5786548998?
7
What is the hundred millions digit of 1568471787?
5
What is the hundred millions digit of 1701337000?
7
What is the tens digit of 339833622?
2
What is the ten thousands digit of 2119631014?
3
What is the ten thousands digit of 324231300?
3
What is the hundred thousands digit of 19980709?
9
What is the ten thousands digit of 635312924?
1
What is the thousands digit of 772280739?
0
What is the units digit of 297812562?
2
What is the millions digit of 3805245?
3
What is the millions digit of 3227093214?
7
What is the hundred thousands digit of 4016994292?
9
What is the tens digit of 3742146518?
1
What is the thousands digit of 91647251?
7
What is the hundreds digit of 33671?
6
What is the ten millions digit of 44225601?
4
What is the ten thousands digit of 536481543?
8
What is the thousands digit of 44716509?
6
What is the hundred thousands digit of 56181302?
1
What is the hundred thousands digit of 2280421468?
4
What is the ten thousands digit of 649705049?
0
What is the ten millions digit of 8135495211?
3
What is the tens digit of 106834280?
8
What is the thousands digit of 14669241?
9
What is the millions digit of 30236156?
0
What is the hundreds digit of 2987877?
8
What is the ten millions digit of 3870573365?
7
What is the thousands digit of 965845353?
5
What is the units digit of 1701035959?
9
What is the ten thousands digit of 4425952206?
5
What is the thousands digit of 582501369?
1
What is the ten thousands digit of 210528849?
2
What is the units digit of 3249013625?
5
What is the thousands digit of 883959567?
9
What is the ten thousands digit of 61677254?
7
What is the hundred millions digit of 159512699?
1
What is the hundred thousands digit of 23767150?
7
What is the millions digit of 41303618?
1
What is the millions digit of 41284796?
1
What is the hundred millions digit of 433747141?
4
What is the ten thousands digit of 111900036?
0
What is the hundred thousands digit of 668114855?
1
What is the millions digit of 54728992?
4
What is the hundreds digit of 2317777593?
5
What is the ten thousands digit of 344398479?
9
What is the hundreds digit of 14603425?
4
What is the millions digit of 1283889791?
3
What is the ten millions digit of 218181344?
1
What is the billions digit of 3696076922?
3
What is the hundreds digit of 2016355432?
4
What is the tens digit of 106501447?
4
What is the thousands digit of 164350506?
0
What is the hundred thousands digit of 61617440?
6
What is the thousands digit of 52335021?
5
What is the millions digit of 409244513?
9
What is the thousands digit of 72996013?
6
What is the hundreds digit of 4428897847?
8
What is the hundreds digit of 29019416?
4
What is the hundreds digit of 231298448?
4
What is the millions digit of 61883287?
1
What is the millions digit of 17860533?
7
What is the millions digit of 24630401?
4
What is the units digit of 926010612?
2
What is the ten millions digit of 56582498?
5
What is the ten thousands digit of 1418553602?
5
What is the hundred millions digit of 4645766219?
6
What is the thousands digit of 91285990?
5
What is the thousands digit of 73838996?
8
What is the millions digit of 91465241?
1
What is the units digit of 47851018?
8
What is the hundreds digit of 563273702?
7
What is the thousands digit of 9174291612?
1
What is the thousands digit of 2507427792?
7
What is the ten thousands digit of 2821727279?
2
What is the ten millions digit of 624898422?
2
What is the ten millions digit of 227224659?
2
What is the hundred thousands digit of 1035602207?
6
What is the tens digit of 2004639?
3
What is the thousands digit of 253672565?
2
What is the tens digit of 81149256?
5
What is the millions digit of 39939716?
9
What is the ten millions digit of 45683167?
4
What is the ten millions digit of 153308141?
5
What is the ten thousands digit of 1406690240?
9
What is the hundred millions digit of 503584942?
5
What is the hundred millions digit of 878427744?
8
What is the hundreds digit of 404671137?
1
What is the tens digit of 31746152?
5
What is the millions digit of 2106985921?
6
What is the hundred millions digit of 710315179?
7
What is the hundreds digit of 37074884?
8
What is the ten millions digit of 110374378?
1
What is the ten millions digit of 356932864?
5
What is the thousands digit of 2155188894?
8
What is the units digit of 44080231?
1
What is the ten thousands digit of 300190224?
9
What is the ten thousands digit of 132788058?
8
What is the hundred millions digit of 6021076669?
0
What is the hundreds digit of 297807588?
5
What is the hundreds digit of 6860881421?
4
What is the millions digit of 54149044?
4
What is the hundred thousands digit of 1591904?
5
What is the ten thousands digit of 813420542?
2
What is the thousands digit of 26163912?
3
What is the hundreds digit of 512073754?
7
What is the hundreds digit of 22903759?
7
What is the tens digit of 121819577?
7
What is the thousands digit of 465356896?
6
What is the billions digit of 1413257210?
1
What is the hundred thousands digit of 158072628?
0
What is the hundred millions digit of 1214695787?
2
What is the millions digit of 33580296?
3
What is the hundred millions digit of 2088382310?
0
What is the hundred millions digit of 156345465?
1
What is the hundred thousands digit of 69453746?
4
What is the hundred thousands digit of 73384238?
3
What is the tens digit of 1419921606?
0
What is the billions digit of 1114128654?
1
What is the units digit of 4584961724?
4
What is the units digit of 52273493?
3
What is the hundred thousands digit of 1429465153?
4
What is the tens digit of 255577482?
8
What is the ten millions digit of 36017464?
3
What is the hundreds digit of 43780338?
3
What is the units digit of 27464957?
7
What is the hundreds digit of 26497868?
8
What is the tens digit of 1864045?
4
What is the hundred millions digit of 682026588?
6
What is the hundred thousands digit of 129381917?
3
What is the billions digit of 1488961725?
1
What is the thousands digit of 138448233?
8
What is the ten millions digit of 117172073?
1
What is the thousands digit of 24230865?
0
What is the hundred millions digit of 456049985?
4
What is the millions digit of 171744080?
1
What is the units digit of 70561068?
8
What is the tens digit of 25492372?
7
What is the units digit of 115578161?
1
What is the ten thousands digit of 115408226?
0
What is the thousands digit of 716864616?
4
What is the hundred thousands digit of 1753908316?
9
What is the tens digit of 470999626?
2
What is the ten thousands digit of 589753820?
5
What is the units digit of 33232218?
8
What is the ten thousands digit of 842961326?
6
What is the ten thousands digit of 1379132?
7
What is the tens digit of 1502264810?
1
What is the ten thousands digit of 654351627?
5
What is the ten millions digit of 30404360?
3
What is the hundred thousands digit of 44806953?
8
What is the hundred thousands digit of 194212575?
2
What is the tens digit of 200742467?
6
What is the ten millions digit of 3292937304?
9
What is the thousands digit of 1026412557?
2
What is the millions digit of 4663211811?
3
What is the hundred millions digit of 192254990?
1
What is the hundred millions digit of 4616487838?
6
What is the hundreds digit of 343948412?
4
What is the tens digit of 2728875613?
1
What is the hundreds digit of 20985590?
5
What is the ten thousands digit of 914425270?
2
What is the billions digit of 2766150540?
2
What is the billions digit of 2752787899?
2
What is the hundred millions digit of 164130372?
1
What is the ten thousands digit of 31989039?
8
What is the thousands digit of 111944650?
4
What is the hundreds digit of 78068999?
9
What is the tens digit of 94594521?
2
What is the tens digit of 1220850325?
2
What is the hundreds digit of 47661713?
7
What is the thousands digit of 1453463652?
3
What is the hundred thousands digit of 5046131340?
1
What is the units digit of 1329060110?
0
What is the hundred thousands digit of 468022660?
0
What is the millions digit of 10374298?
0
What is the hundred millions digit of 285947553?
2
What is the ten millions digit of